*-186?
2
Let y be -2 + -1 + 0 + 9. Let w = y + -30. Let d = w - -45. What is the tens digit of d?
2
Let n = 59 + 80. What is the hundreds digit of n?
1
Suppose 105 = 2*a + 3*a + 5*n, -48 = -4*a + 5*n. What is the units digit of a?
7
Suppose 2*a = -92 - 16. What is the tens digit of (a/(-21))/((-3)/(-21))?
1
Suppose 2*h - 510 = -5*t + 3*t, 765 = 3*t - 2*h. What is the hundreds digit of t?
2
Let x(h) = h**2 - 2*h + 5. Let z be x(5). Suppose 0 = 2*w - 6*w + 12. Suppose 0 = -5*n + w*n + z. What is the tens digit of n?
1
Let l(p) = -p**2 - 9*p + 6. What is the units digit of l(-7)?
0
Let q(n) = 5*n + 6. Let h(a) = -4*a - 6. Let i(g) = -4*h(g) - 3*q(g). What is the units digit of i(-4)?
2
Let w(n) = -12*n**3 - n - 1. Let m be w(-1). Let q = 4 - 11. Let j = q + m. What is the units digit of j?
5
Let a = -6 + 12. Let b = a - 1. What is the units digit of b?
5
Suppose 3*t - 27 = -3. Suppose 0 = 2*y + 13 - 41. Let w = y - t. What is the units digit of w?
6
Let c(g) = 3*g**3 + 26*g**2 - 30*g - 19. Let l(m) = -m**3 - 9*m**2 + 10*m + 6. Let r(w) = 3*c(w) + 8*l(w). What is the tens digit of r(-7)?
1
Suppose -62*m + 60*m = -102. What is the units digit of m?
1
Suppose 2*y + i + 21 = 0, i + 3*i = -y - 14. Let x be (-2 - y/4)*6. Suppose -k + 16 = a - 3*k, -x*k + 6 = a. What is the units digit of a?
2
What is the units digit of -2 - -3 - 54*-1?
5
Let d(s) = -14*s**3 - s**2 - s. Suppose -6*f = -2*f + 4. What is the tens digit of d(f)?
1
Suppose 4*w - 9 = 3. Let m be (-2)/(-5) + 56/10. Suppose -w*o - 21 = -m*o. What is the units digit of o?
7
What is the units digit of 35 - (-2 - (-4 + -3))?
0
Let y be 1*(-1 + (3 - 2)). Suppose 3*u + 2*h = 2*u + 19, -3*h = y. What is the tens digit of u?
1
Suppose 3*k - 118 - 233 = 0. What is the tens digit of k?
1
Let r(n) be the first derivative of 3*n**2/2 - 20*n + 7. What is the units digit of r(17)?
1
Let j(p) = -6*p - 3. Let q be j(-3). Suppose 2*x - q = -5. Suppose -n + x*n = 44. What is the units digit of n?
1
Suppose -5*h + 90 = h. Suppose h*l - 19*l + 172 = 0. What is the units digit of l?
3
Let l(m) = 3*m - 12. Let k be l(8). Suppose -5*s + 28 = 2*c, s + k = 4*c - 0*s. What is the units digit of -6*(0 - c/6)?
4
Let d(m) = -m**3 + 10*m**2 - 7*m - 13. Let s = -2 + 11. What is the units digit of d(s)?
5
Let o(b) = 3*b**3 + 33*b**2 - 28*b - 53. Let c(z) = -z**3 - 11*z**2 + 9*z + 18. Let f(h) = -11*c(h) - 4*o(h). What is the units digit of f(-12)?
2
Suppose 0 = 9*w - 12*w + 210. What is the tens digit of w?
7
Suppose 8*z = 3*z + 190. Suppose -5*q - t - t = -43, -4*q + 2*t = -z. Suppose -2*r + q + 5 = 3*o, -3*o = 0. What is the units digit of r?
7
What is the tens digit of (-113)/(-5) - 2/(-5)?
2
Suppose 5*x - 3*k - 10 = 0, x + 7*k - 2 = 2*k. Suppose 10 - 56 = -x*f. Suppose 5*z + f = p, 0 = p - 4*z - 27 + 7. What is the units digit of p?
8
Let f(d) = d**3 + 6*d**2 - 2*d - 9. Let r be f(-6). Suppose 4*g - 4 = r*g. Suppose 41 = g*a + 13. What is the units digit of a?
7
Let d(x) = -3*x - 14. What is the units digit of d(-7)?
7
Suppose 3*z = -3*t + 1005, 5*t + 4*z + 864 = 2539. What is the hundreds digit of t?
3
Let n(u) = -1 + 5*u**2 - 3*u**3 - 8*u**2 - 1 - u. What is the units digit of n(-2)?
2
Suppose -40 - 9 = -g. What is the tens digit of g?
4
Suppose 5*b - q = 619, -2*q = 2*b - 100 - 150. What is the hundreds digit of b?
1
Suppose 15 = u - 36. What is the units digit of u?
1
Let r(h) = 6*h - 5. What is the tens digit of r(3)?
1
Suppose -5*h + 310 = 5*i - 345, 3*h - 381 = 3*i. What is the hundreds digit of h?
1
Let a(c) = -c - 25. Let k be a(0). Let t = 38 + k. What is the units digit of t?
3
Suppose 35*i - 32*i = 6. What is the units digit of 2/4*(4 - i)?
1
Suppose -385 = -2*u - j, 3*u - 5*j = 4*u - 215. What is the hundreds digit of u?
1
Let q(n) = -n**3 - 6*n**2 + n + 8. Let r be q(-6). Suppose 0*g - 10 = -r*g. What is the units digit of g?
5
Let r be (4/16)/(4/48). What is the units digit of 15*-2*r/(-15)?
6
Suppose -5*i + 61 = -19. Suppose -5*p = -i - 4. What is the units digit of p?
4
Suppose 0*j - 3*j = -36. Let q = 47 - j. What is the units digit of q?
5
Let y = -6 - -7. Suppose -y = -o + 22. What is the tens digit of o?
2
Let h = 97 + 23. Let s be ((-3)/(-2))/(18/h). Let q = 16 - s. What is the units digit of q?
6
Let r(i) be the third derivative of -i**4/24 - i**3/6 + 5*i**2. Let p be r(-6). Let w(a) = 2*a**2 - 6*a - 5. What is the tens digit of w(p)?
1
Let t(m) = 2*m - 4. Let j be t(3). Let c(i) = 16*i - 4. What is the units digit of c(j)?
8
What is the units digit of (-3116)/(-14) - (-4)/(-7)?
2
What is the tens digit of 5/(2*3/108)?
9
Suppose 2*b - 5*b = 3*x - 36, 28 = 5*x - 3*b. Let g be x/5 + (-6)/(-15). Suppose -g*n + 7*n - 35 = 0. What is the units digit of n?
7
Let g(j) = j - 23. Let d be g(11). Let n = d + 17. What is the units digit of n?
5
Let y be (6/9)/((-4)/(-18)). Suppose y*a + 2*a - 55 = 0. What is the tens digit of a?
1
Let x(q) = -q**3 - 9*q**2 - 6*q + 4. Let r be x(-8). Let h = 1 - r. What is the units digit of h?
3
Let p(m) = 5*m. Let x be p(-1). What is the tens digit of 2/x - (-522)/30?
1
Let y(h) = -3*h**2 + 35*h + 3. What is the hundreds digit of y(6)?
1
Let u(d) = -d**3 + 13*d**2 - 4*d + 9. What is the hundreds digit of u(5)?
1
Suppose -2*o + 3 = -3. Suppose -o*i - 3*c + 2*c = -34, 4*i = 2*c + 32. What is the units digit of i?
0
Let k(a) be the first derivative of -a**5/60 + a**4/12 + a**3/3 - 1. Let g(u) be the third derivative of k(u). What is the units digit of g(-3)?
8
Suppose -3*k - 16 = d + 4*d, -10 = 2*d. Let h = -5 + k. Let a(l) = l**2 - 2. What is the units digit of a(h)?
2
Suppose 5*q - 207 - 113 = 0. What is the tens digit of q?
6
Suppose -2*p + 148 = -2*w, 4*w = -3*p + 116 + 113. What is the units digit of p?
5
What is the tens digit of 0 - -33*1*2?
6
Let o be 6*(-1)/2 - -8. Suppose -3*g = -o*g + 26. What is the tens digit of g?
1
Let k(f) = 10*f - 24. What is the units digit of k(9)?
6
Let g(s) = s - 5. Let q be g(7). Suppose -q*x - 3*a + 33 = -10, 69 = 3*x + 3*a. What is the tens digit of x?
2
Let l = -6 - -11. Suppose j + 29 = f, -l*j - 66 = -f - 25. What is the tens digit of f?
2
Suppose y - 3 = -2*y. Suppose 4*z - 7 = y. What is the units digit of z?
2
Suppose -55 = -5*g + 3*v, 3*v + 2*v = 0. What is the units digit of g?
1
Suppose 2*f = 169 + 13. What is the tens digit of f?
9
Let y = -36 + 22. What is the tens digit of -2 - (1 + y + -1)?
1
Suppose 0*z - 11 = -z + 2*n, 4*z - 3*n - 34 = 0. Let m(u) = u**2 - 8*u + 9. What is the units digit of m(z)?
2
Suppose 0 = 3*x - 2*i - 24, 0 = 4*x - 6*i + 4*i - 30. Suppose -x*q + 12 = -4*q. What is the units digit of 42/q - 1*-1?
8
Suppose -6 = -v - 0. Let h = -3 + v. Suppose u = h*u - 2. What is the units digit of u?
1
Let y(c) = 2*c**2 - 2. Let r = 2 - 4. Let x = r + 4. What is the units digit of y(x)?
6
Suppose 0 = -2*q - 2*g + g + 4, g = q + 1. Let c be ((-2)/5)/(q/(-45)). Suppose -s + c = s. What is the units digit of s?
9
Let g(m) = -m**2 - 15*m - 14. Let f be g(-14). Let r = 4 - f. What is the units digit of r?
4
Let v = -138 + 231. What is the units digit of v?
3
Let m(q) be the first derivative of q**4/4 - 2*q**3 - q**2 - 10*q - 1. Let l be m(7). Suppose -6*i + l = -i. What is the units digit of i?
5
Suppose -4*q = 2 - 6. Suppose 0*d + 5*d - 10 = 0. What is the units digit of (-1)/(q/(-2)*d)?
1
Let z(d) be the second derivative of 3*d**5/20 - d**2/2 + d. What is the units digit of z(1)?
2
Let j(h) = -8*h + 0*h + 5*h - 7 + h**2. Let o be 5 - -1 - (1 - 0). What is the units digit of j(o)?
3
Let q = -306 + 525. What is the hundreds digit of q?
2
Let d = -5 - -7. Let o(c) = -2*c - 3. Let v be o(-4). Suppose 0 = -d*q + 27 - v. What is the tens digit of q?
1
Let h(i) = i + 3. Let p be h(3). Suppose -2*d + 2*s = -p, -d + 3 = s - 0. What is the units digit of d?
3
Let z be 9*(5 + -2)/9. Suppose 2*j + y + 4*y - 110 = 0, -z*j - 4*y = -151. Suppose 5*u - 25 = j. What is the units digit of u?
4
Suppose -8 + 76 = 2*m + 2*j, -2*m - 3*j + 71 = 0. What is the tens digit of m?
3
Suppose 0 = f - 2*f + 14. Let o = -5 + f. What is the units digit of o?
9
Let h(r) = r**3 - 7*r + 9. What is the units digit of h(4)?
5
Suppose -s + 3*s = -2. What is the tens digit of 8/(1/(-2)*s)?
1
Let t = -7 + 13. Suppose 0 = 5*j - 0*j + y + 8, -2*j + 13 = -5